inder when 18*7/2 + 0 is divided by d(-59).
7
Let q(g) be the third derivative of 2 + 5/4*g**4 + 3*g**2 - 7/3*g**3 - 1/60*g**5 + 0*g. Calculate the remainder when q(23) is divided by 50.
47
Suppose -78*x - 3962 + 15038 = 0. What is the remainder when x is divided by 19?
9
Let m be (-4 - -2)*(2 + (2 - 2)). Let s(y) = -y**3 + 3*y**2 + 5*y + 6. Calculate the remainder when s(m) is divided by 51.
47
Suppose 26*j - 15 = 23*j. Suppose -j*o = 15, -3*t + 209 - 35 = 4*o. Calculate the remainder when t is divided by 9.
8
Suppose 140 = p - 2*o, -2*p + 17*o + 274 = 19*o. What is the remainder when p is divided by 11?
6
Let h be (-2)/5 + (-112)/(-5) - -1. Suppose -817 = -h*z + 103. Calculate the remainder when 85 is divided by z.
5
Suppose 635*c + 247*c - 8553 = 267. Calculate the remainder when (0 + -12)*-23 - 0 is divided by c.
6
Suppose -89*o + 12863 = 43*o - 6013. What is the remainder when o is divided by 74?
69
Suppose -2302*p + 2916 = -2293*p. Calculate the remainder when p is divided by 22.
16
Let p be (-38)/(-3)*7*171/(-57). Let i = -236 - p. What is the remainder when i is divided by 16?
14
Let k = -136 + 60. Let n = k + 91. What is the remainder when 30 is divided by n?
0
Let k = -16326 - -16368. Let x = -5 - -8. What is the remainder when k is divided by (-2)/((-4)/66*x)?
9
Suppose 612 = 10*h - 268. Let x(d) = -d**3 + 7*d**2 - 5*d - 7. What is the remainder when h is divided by x(3)?
4
Suppose 266*v + 14 = 273*v. Let z(y) = -1. Let b(a) = -16*a + 6. Let o(c) = -b(c) + z(c). Calculate the remainder when o(v) is divided by 15.
10
Suppose -5*x + 4*t = -3500, 116*x + 2*t + 2100 = 119*x. Calculate the remainder when x is divided by 647.
53
Let p(m) = -m**2 + 82*m + 384. What is the remainder when 716 is divided by p(86)?
36
Suppose 6 = 4*o - 10. Let c(d) = -d**3 + 10*d**2 - 2*d - 23. Calculate the remainder when c(7) is divided by (0 + (-2)/o)*-56.
26
Let o = 40 - 16. Suppose -25 = s + 4*s, -2*w = 5*s - 93. Let x = w - 52. Calculate the remainder when o is divided by x.
3
Let b(h) = 115*h**3 + 4*h**2 - 58*h + 56. Calculate the remainder when b(1) is divided by 55.
7
Suppose 0 = i - 4*s - s - 5075, -3*i = -s - 15323. What is the remainder when i is divided by 19?
18
Let v = 315 + 115. Suppose -4*x - 25 = 5*q - v, 5*x = 2*q - 162. Let m = q + -75. What is the remainder when 14 is divided by m?
2
Suppose 10*w - 54 = -5*z + 14*w, 3*w = -4*z + 37. Suppose 34*r - 672 = z*r. Calculate the remainder when 93 is divided by r.
9
Suppose -44*i = -23*i + 3045. Let w = i - -180. Calculate the remainder when 76 is divided by w.
6
Let p = -2612 - -7646. Suppose -4*v = -p + 918. Calculate the remainder when v is divided by 86.
83
Suppose 0 = 4*o - 4*h - 28, 3*o + 10*h = 9*h + 13. Suppose -3*r = o*r - 40. Suppose r*j + 1 - 111 = 0. What is the remainder when j is divided by 6?
4
Suppose -3*t + 9*k = 10*k - 2, 2*t - 2*k - 4 = 0. Calculate the remainder when t*5/30 - 809/(-6) is divided by 66.
3
Let t be (-128)/(-24) - 5 - (-11)/3. Suppose t*m + 8 + 8 = 0, -7 = s + 5*m. Calculate the remainder when s is divided by 12.
1
Suppose -3*f - 7 = -m - f, 1 = -f. Suppose m*v + 20 = 2*w - 0*w, 0 = -5*v + w - 15. Let l(n) = -18*n + 17. What is the remainder when 211 is divided by l(v)?
52
Let s = -151 + 155. Suppose 101 - 29 = s*m. Let i(a) = a**3 - a**2 - 4*a + 7. Calculate the remainder when i(5) is divided by m.
15
Let f = 44 + -44. Suppose -2*r + 3*j = f, -r + 2*r = j. Suppose -4*m = -16, 3*u + r*m - 5*m - 49 = 0. Calculate the remainder when 42 is divided by u.
19
Suppose 4*q + 4*i - 18 = 286, 0 = i. What is the remainder when q is divided by ((-9)/4)/(3/(-36))?
22
Let y = 192 - 184. Suppose 216 = 3*r - y*d + 6*d, 5*r = d + 367. Calculate the remainder when r is divided by 30.
14
Let a(v) = -v**2 - 22*v - 52. What is the remainder when 349 is divided by a(-17)?
19
Let m be (-3 - 111) + 0/(-2) + 0. Let q = m - -121. Let b = 24 - q. What is the remainder when 32 is divided by b?
15
Let l(b) = -27*b + 372. Let h be l(11). Suppose 3*d - 106 = 4*c, 4*d - 3*c - 134 = -5*c. Let j = h - d. Calculate the remainder when j is divided by 17.
7
Suppose -5*a - 1 = 3*y - 2, -a - 4*y = 10. Let f be 2*(-3)/12 + 23/a. Suppose -3*j + f + 10 = 0. Calculate the remainder when 37 is divided by j.
2
Let u(y) = 21*y**2 - 90*y + 527. What is the remainder when u(7) is divided by 299?
29
Suppose -p - 609 = -5*u + 123, 772 = 5*u + 4*p. What is the remainder when u is divided by 135?
13
Suppose 4*f - 130 = 5*g, 3*g - 109 = -3*f + 2. Suppose 3*q - 259 = -72 + 224. What is the remainder when q is divided by f?
32
Let n(m) = m**2 + 19*m - 33. Let o be n(-13). Let c = -67 - o. What is the remainder when c is divided by 9?
8
Let v = 128 + -489. Let d = v - -385. Let n = -14 - -18. Calculate the remainder when d is divided by n.
0
Suppose -6 = 3*n - 2*v - 3, -5*n - v + 8 = 0. Let z = -7 + 11. Calculate the remainder when 338/78 + n/(-3) is divided by z.
0
Suppose -3*n - 3*g + 12 = 3, -6 = 3*g. Let z = -181 + 208. Calculate the remainder when z is divided by n.
2
Suppose 5*f + 3*b - 631 = 0, 3*f = 62*b - 67*b + 385. Calculate the remainder when f is divided by 6.
5
Suppose -7*z + 366 = -4*z - 2*l, -3*z + 363 = -l. What is the remainder when 437 is divided by z?
77
Suppose 4*t - 2*t = -f + 20, 3*f = -2*t + 48. Let y be (-8)/5*(-875)/10. Suppose 9*j - f*j = -y. Calculate the remainder when 137 is divided by j.
25
Let i = -167 + 192. Suppose 22*f + 1479 = i*f. What is the remainder when f is divided by 19?
18
Let m = -290705 - -290740. Calculate the remainder when m is divided by 2/(6 + -2)*16.
3
Suppose -16*t + 702 = 23*t. What is the remainder when 807 is divided by t?
15
Let q(k) = -16*k + 320. What is the remainder when 127 is divided by q(16)?
63
Let i(p) be the second derivative of -p**4/12 - 6*p**3 - 85*p**2/2 - 97*p + 1. Calculate the remainder when i(-31) is divided by 25.
20
Suppose 0 = -4*n - 258 - 82. Let h = -49 - n. Suppose -693 = -6*y - 21*y - 20*y + 388. What is the remainder when h is divided by y?
13
Suppose 80*j - 74*j - 2274 = -4*r, 5*r = 3*j - 1116. Calculate the remainder when j is divided by 93.
5
Let z = 120 - 119. Let n(q) = 29*q**2 + 3*q - 2. Calculate the remainder when 207 is divided by n(z).
27
Suppose 0 = -4*s + 4*y + 2288, 4*s + 4*y - 272 = 2008. Calculate the remainder when s is divided by 32.
27
Let c = 10640 + -10090. What is the remainder when c is divided by 181?
7
Suppose -23 = -14*r + 33. Calculate the remainder when (-4544)/(-32)*(-1 + 14/r) is divided by 51.
49
Suppose 102*a + 116*a - 91*a = 26162. What is the remainder when 381 is divided by a?
175
Suppose -14*l + 31*l - 264044 = -51*l. What is the remainder when l is divided by 111?
109
Let z = -277 + 303. Let q(c) = c**3 - 24*c**2 - 38*c - 50. What is the remainder when q(z) is divided by 153?
8
Let a = -2779 + 3371. Calculate the remainder when a is divided by 18.
16
What is the remainder when 7102 is divided by 315/15 - (-1 - 13)?
32
Let p(s) be the second derivative of s**3/2 + 11*s**2 + 15*s + 2. What is the remainder when 25 is divided by p(-3)?
12
Suppose 4*v = 683 - 107. Let l(w) = 50*w**3 - w**2 + w - 1. What is the remainder when v is divided by l(1)?
46
Suppose -358*l - 2790 = -363*l. Let g = l - 555. Calculate the remainder when 4 is divided by g.
1
Let y(l) = l + 1. Let b(s) = s**2 - 9*s + 27. Let p be b(0). Suppose 3*n = -3*g + 102 - p, 5*g = -3*n + 75. Calculate the remainder when n is divided by y(9).
5
Suppose -4*s - 4924 = -5*b, -5*s - b - 6114 = 3*b. Let r be s/(-6) + 2 - 10/(-15). Let z = r + -148. What is the remainder when z is divided by 15?
14
Suppose -38 = -7*u - 3. Suppose 0 = u*o - y - 5267, -3*o + 5*o = -3*y + 2117. Calculate the remainder when o is divided by 44.
42
Suppose 85 = -11*p + 118. Suppose -4*y + 1183 = p*a, 1048 - 148 = 3*y - 2*a. What is the remainder when y is divided by 12?
10
Suppose -4*o = -23 - 1. Suppose 2*d - 13 = 7. Suppose d = -a + 21. Calculate the remainder when a is divided by o.
5
Suppose 3 = 2*x + 3. Suppose 5*i + 42 = 2*u, x*i = 3*u + i - 29. Calculate the remainder when 42*2*2/4 is divided by u.
9
Let q be (-24)/(-11) + 16/(-88). Let t(r) = -76*r + 6248. What is the remainder when q + 0/2 + 15 is divided by t(82)?
1
Let i(z) = z**2 - z + 2. Let c be i(0). Supp